{"id":21,"date":"2021-09-26T15:40:31","date_gmt":"2021-09-26T15:40:31","guid":{"rendered":"http:\/\/bureau-fuer-bibliothekswissenschaft.de\/?page_id=21"},"modified":"2022-02-21T15:54:23","modified_gmt":"2022-02-21T14:54:23","slug":"publikationen","status":"publish","type":"page","link":"https:\/\/bureau-fuer-bibliothekswissenschaft.de\/?page_id=21","title":{"rendered":"Publikationen"},"content":{"rendered":"\n<p>Das Bureau f\u00fcr Bibliothekswissenschaft publiziert in unregelm\u00e4ssigen Abschnitten eigene Forschungen. Diese sind alle als Open Access herausgegeben (sowohl hier im Blog als auch im Repository <a href=\"http:\/\/eprints.rclis.org\" target=\"_blank\" rel=\"noreferrer noopener\">e-lis.org<\/a>). <\/p>\n\n\n\n<p>Gleichzeitig k\u00f6nnen sie gedruckt (als Print on demand bei <a href=\"https:\/\/www.epubli.de\/\" target=\"_blank\" rel=\"noreferrer noopener\">epubli.de<\/a>) erworben werden. Einnahmen aus den Publikationen werden genutzt, um Serverkosten (f\u00fcr diese Homepage und den Podcast) sowie Kosten f\u00fcr weitere, eigenst\u00e4ndige Forschungen zu tragen.<\/p>\n\n\n\n<p>Die bisherigen Publikationen lassen sich in der Kategorie &#8222;<a href=\"https:\/\/bureau-fuer-bibliothekswissenschaft.de\/?cat=8\">Publikationen<\/a>&#8220; einsehen.<\/p>\n","protected":false},"excerpt":{"rendered":"<p>Das Bureau f\u00fcr Bibliothekswissenschaft publiziert in unregelm\u00e4ssigen Abschnitten eigene Forschungen. Diese sind alle als Open Access herausgegeben (sowohl hier im Blog als<\/p>\n<p class=\"link-more\"><a class=\"myButt \" href=\"https:\/\/bureau-fuer-bibliothekswissenschaft.de\/?page_id=21\">Read More<\/a><\/p>\n","protected":false},"author":1,"featured_media":0,"parent":0,"menu_order":0,"comment_status":"closed","ping_status":"closed","template":"","meta":{"footnotes":""},"class_list":["post-21","page","type-page","status-publish","hentry"],"_links":{"self":[{"href":"https:\/\/bureau-fuer-bibliothekswissenschaft.de\/index.php?rest_route=\/wp\/v2\/pages\/21","targetHints":{"allow":["GET"]}}],"collection":[{"href":"https:\/\/bureau-fuer-bibliothekswissenschaft.de\/index.php?rest_route=\/wp\/v2\/pages"}],"about":[{"href":"https:\/\/bureau-fuer-bibliothekswissenschaft.de\/index.php?rest_route=\/wp\/v2\/types\/page"}],"author":[{"embeddable":true,"href":"https:\/\/bureau-fuer-bibliothekswissenschaft.de\/index.php?rest_route=\/wp\/v2\/users\/1"}],"replies":[{"embeddable":true,"href":"https:\/\/bureau-fuer-bibliothekswissenschaft.de\/index.php?rest_route=%2Fwp%2Fv2%2Fcomments&post=21"}],"version-history":[{"count":2,"href":"https:\/\/bureau-fuer-bibliothekswissenschaft.de\/index.php?rest_route=\/wp\/v2\/pages\/21\/revisions"}],"predecessor-version":[{"id":211,"href":"https:\/\/bureau-fuer-bibliothekswissenschaft.de\/index.php?rest_route=\/wp\/v2\/pages\/21\/revisions\/211"}],"wp:attachment":[{"href":"https:\/\/bureau-fuer-bibliothekswissenschaft.de\/index.php?rest_route=%2Fwp%2Fv2%2Fmedia&parent=21"}],"curies":[{"name":"wp","href":"https:\/\/api.w.org\/{rel}","templated":true}]}}